{"id":67,"date":"2015-04-09T13:09:28","date_gmt":"2015-04-09T13:09:28","guid":{"rendered":"http:\/\/themes.muffingroup.com\/be\/handyman\/?page_id=2"},"modified":"2021-01-09T11:45:21","modified_gmt":"2021-01-09T11:45:21","slug":"hevederzar-szereles","status":"publish","type":"page","link":"https:\/\/mabiszhevederzar.hu\/","title":{"rendered":"Hevederz\u00e1r szerel\u00e9s &#8211; Mabisz min\u0151s\u00edt\u00e9s\u0171"},"content":{"rendered":"","protected":false},"excerpt":{"rendered":"","protected":false},"author":1,"featured_media":0,"parent":0,"menu_order":0,"comment_status":"open","ping_status":"open","template":"","meta":[],"yoast_head":"<!-- This site is optimized with the Yoast SEO plugin v19.13 - https:\/\/yoast.com\/wordpress\/plugins\/seo\/ -->\n<title>Hevederz\u00e1r szerel\u00e9s - Mabisz min\u0151s\u00edt\u00e9s\u0171 - Mabisz Hevederz\u00e1r<\/title>\n<meta name=\"description\" content=\"Ajt\u00f3t\u00edpust\u00f3l \u00e9s m\u00e9rett\u0151l f\u00fcgg\u0151en v\u00edzszintes vagy f\u00fcgg\u0151leges hevederz\u00e1r szerel\u00e9s, ingyenes el\u0151zetes felm\u00e9r\u00e9s alapj\u00e1n Budapest \u00e9s vonz\u00e1sk\u00f6rzet\u00e9ben.\" \/>\n<meta name=\"robots\" content=\"index, follow, max-snippet:-1, max-image-preview:large, max-video-preview:-1\" \/>\n<link rel=\"canonical\" href=\"https:\/\/mabiszhevederzar.hu\/\" \/>\n<meta property=\"og:locale\" content=\"hu_HU\" \/>\n<meta property=\"og:type\" content=\"article\" \/>\n<meta property=\"og:title\" content=\"Hevederz\u00e1r szerel\u00e9s - Mabisz min\u0151s\u00edt\u00e9s\u0171 - Mabisz Hevederz\u00e1r\" \/>\n<meta property=\"og:description\" content=\"Ajt\u00f3t\u00edpust\u00f3l \u00e9s m\u00e9rett\u0151l f\u00fcgg\u0151en v\u00edzszintes vagy f\u00fcgg\u0151leges hevederz\u00e1r szerel\u00e9s, ingyenes el\u0151zetes felm\u00e9r\u00e9s alapj\u00e1n Budapest \u00e9s vonz\u00e1sk\u00f6rzet\u00e9ben.\" \/>\n<meta property=\"og:url\" content=\"https:\/\/mabiszhevederzar.hu\/\" \/>\n<meta property=\"og:site_name\" content=\"Mabisz Hevederz\u00e1r\" \/>\n<meta property=\"article:publisher\" content=\"https:\/\/www.facebook.com\/kinyitom.hu\/\" \/>\n<meta property=\"article:modified_time\" content=\"2021-01-09T11:45:21+00:00\" \/>\n<meta name=\"twitter:card\" content=\"summary_large_image\" \/>\n<script type=\"application\/ld+json\" class=\"yoast-schema-graph\">{\"@context\":\"https:\/\/schema.org\",\"@graph\":[{\"@type\":\"WebPage\",\"@id\":\"https:\/\/mabiszhevederzar.hu\/\",\"url\":\"https:\/\/mabiszhevederzar.hu\/\",\"name\":\"Hevederz\u00e1r szerel\u00e9s - Mabisz min\u0151s\u00edt\u00e9s\u0171 - Mabisz Hevederz\u00e1r\",\"isPartOf\":{\"@id\":\"https:\/\/mabiszhevederzar.hu\/#website\"},\"datePublished\":\"2015-04-09T13:09:28+00:00\",\"dateModified\":\"2021-01-09T11:45:21+00:00\",\"description\":\"Ajt\u00f3t\u00edpust\u00f3l \u00e9s m\u00e9rett\u0151l f\u00fcgg\u0151en v\u00edzszintes vagy f\u00fcgg\u0151leges hevederz\u00e1r szerel\u00e9s, ingyenes el\u0151zetes felm\u00e9r\u00e9s alapj\u00e1n Budapest \u00e9s vonz\u00e1sk\u00f6rzet\u00e9ben.\",\"breadcrumb\":{\"@id\":\"https:\/\/mabiszhevederzar.hu\/#breadcrumb\"},\"inLanguage\":\"hu\",\"potentialAction\":[{\"@type\":\"ReadAction\",\"target\":[\"https:\/\/mabiszhevederzar.hu\/\"]}]},{\"@type\":\"BreadcrumbList\",\"@id\":\"https:\/\/mabiszhevederzar.hu\/#breadcrumb\",\"itemListElement\":[{\"@type\":\"ListItem\",\"position\":1,\"name\":\"Kezd\u0151lap\",\"item\":\"https:\/\/mabiszhevederzar.hu\/\"},{\"@type\":\"ListItem\",\"position\":2,\"name\":\"Hevederz\u00e1r szerel\u00e9s &#8211; Mabisz min\u0151s\u00edt\u00e9s\u0171\"}]},{\"@type\":\"WebSite\",\"@id\":\"https:\/\/mabiszhevederzar.hu\/#website\",\"url\":\"https:\/\/mabiszhevederzar.hu\/\",\"name\":\"Mabisz Hevederz\u00e1r\",\"description\":\"Mabisz min\u0151s\u00edt\u00e9s\u0171 hevederz\u00e1r szerel\u00e9s, jav\u00edt\u00e1s, szerviz\",\"potentialAction\":[{\"@type\":\"SearchAction\",\"target\":{\"@type\":\"EntryPoint\",\"urlTemplate\":\"https:\/\/mabiszhevederzar.hu\/?s={search_term_string}\"},\"query-input\":\"required name=search_term_string\"}],\"inLanguage\":\"hu\"}]}<\/script>\n<!-- \/ Yoast SEO plugin. -->","yoast_head_json":{"title":"Hevederz\u00e1r szerel\u00e9s - Mabisz min\u0151s\u00edt\u00e9s\u0171 - Mabisz Hevederz\u00e1r","description":"Ajt\u00f3t\u00edpust\u00f3l \u00e9s m\u00e9rett\u0151l f\u00fcgg\u0151en v\u00edzszintes vagy f\u00fcgg\u0151leges hevederz\u00e1r szerel\u00e9s, ingyenes el\u0151zetes felm\u00e9r\u00e9s alapj\u00e1n Budapest \u00e9s vonz\u00e1sk\u00f6rzet\u00e9ben.","robots":{"index":"index","follow":"follow","max-snippet":"max-snippet:-1","max-image-preview":"max-image-preview:large","max-video-preview":"max-video-preview:-1"},"canonical":"https:\/\/mabiszhevederzar.hu\/","og_locale":"hu_HU","og_type":"article","og_title":"Hevederz\u00e1r szerel\u00e9s - Mabisz min\u0151s\u00edt\u00e9s\u0171 - Mabisz Hevederz\u00e1r","og_description":"Ajt\u00f3t\u00edpust\u00f3l \u00e9s m\u00e9rett\u0151l f\u00fcgg\u0151en v\u00edzszintes vagy f\u00fcgg\u0151leges hevederz\u00e1r szerel\u00e9s, ingyenes el\u0151zetes felm\u00e9r\u00e9s alapj\u00e1n Budapest \u00e9s vonz\u00e1sk\u00f6rzet\u00e9ben.","og_url":"https:\/\/mabiszhevederzar.hu\/","og_site_name":"Mabisz Hevederz\u00e1r","article_publisher":"https:\/\/www.facebook.com\/kinyitom.hu\/","article_modified_time":"2021-01-09T11:45:21+00:00","twitter_card":"summary_large_image","schema":{"@context":"https:\/\/schema.org","@graph":[{"@type":"WebPage","@id":"https:\/\/mabiszhevederzar.hu\/","url":"https:\/\/mabiszhevederzar.hu\/","name":"Hevederz\u00e1r szerel\u00e9s - Mabisz min\u0151s\u00edt\u00e9s\u0171 - Mabisz Hevederz\u00e1r","isPartOf":{"@id":"https:\/\/mabiszhevederzar.hu\/#website"},"datePublished":"2015-04-09T13:09:28+00:00","dateModified":"2021-01-09T11:45:21+00:00","description":"Ajt\u00f3t\u00edpust\u00f3l \u00e9s m\u00e9rett\u0151l f\u00fcgg\u0151en v\u00edzszintes vagy f\u00fcgg\u0151leges hevederz\u00e1r szerel\u00e9s, ingyenes el\u0151zetes felm\u00e9r\u00e9s alapj\u00e1n Budapest \u00e9s vonz\u00e1sk\u00f6rzet\u00e9ben.","breadcrumb":{"@id":"https:\/\/mabiszhevederzar.hu\/#breadcrumb"},"inLanguage":"hu","potentialAction":[{"@type":"ReadAction","target":["https:\/\/mabiszhevederzar.hu\/"]}]},{"@type":"BreadcrumbList","@id":"https:\/\/mabiszhevederzar.hu\/#breadcrumb","itemListElement":[{"@type":"ListItem","position":1,"name":"Kezd\u0151lap","item":"https:\/\/mabiszhevederzar.hu\/"},{"@type":"ListItem","position":2,"name":"Hevederz\u00e1r szerel\u00e9s &#8211; Mabisz min\u0151s\u00edt\u00e9s\u0171"}]},{"@type":"WebSite","@id":"https:\/\/mabiszhevederzar.hu\/#website","url":"https:\/\/mabiszhevederzar.hu\/","name":"Mabisz Hevederz\u00e1r","description":"Mabisz min\u0151s\u00edt\u00e9s\u0171 hevederz\u00e1r szerel\u00e9s, jav\u00edt\u00e1s, szerviz","potentialAction":[{"@type":"SearchAction","target":{"@type":"EntryPoint","urlTemplate":"https:\/\/mabiszhevederzar.hu\/?s={search_term_string}"},"query-input":"required name=search_term_string"}],"inLanguage":"hu"}]}},"_links":{"self":[{"href":"https:\/\/mabiszhevederzar.hu\/index.php\/wp-json\/wp\/v2\/pages\/67"}],"collection":[{"href":"https:\/\/mabiszhevederzar.hu\/index.php\/wp-json\/wp\/v2\/pages"}],"about":[{"href":"https:\/\/mabiszhevederzar.hu\/index.php\/wp-json\/wp\/v2\/types\/page"}],"author":[{"embeddable":true,"href":"https:\/\/mabiszhevederzar.hu\/index.php\/wp-json\/wp\/v2\/users\/1"}],"replies":[{"embeddable":true,"href":"https:\/\/mabiszhevederzar.hu\/index.php\/wp-json\/wp\/v2\/comments?post=67"}],"version-history":[{"count":3,"href":"https:\/\/mabiszhevederzar.hu\/index.php\/wp-json\/wp\/v2\/pages\/67\/revisions"}],"predecessor-version":[{"id":94,"href":"https:\/\/mabiszhevederzar.hu\/index.php\/wp-json\/wp\/v2\/pages\/67\/revisions\/94"}],"wp:attachment":[{"href":"https:\/\/mabiszhevederzar.hu\/index.php\/wp-json\/wp\/v2\/media?parent=67"}],"curies":[{"name":"wp","href":"https:\/\/api.w.org\/{rel}","templated":true}]}}